when 2457470 is divided by 72?
38
Calculate the remainder when 15094175 is divided by 5031366.
77
What is the remainder when 61698413 is divided by 322?
315
Calculate the remainder when 2096664 is divided by 1676.
1664
What is the remainder when 1131151 is divided by 4834?
4829
What is the remainder when 10231 is divided by 753?
442
What is the remainder when 379220 is divided by 632?
20
What is the remainder when 559396 is divided by 5996?
1768
Calculate the remainder when 964407 is divided by 50758.
5
What is the remainder when 56108145 is divided by 3873?
3867
What is the remainder when 720195 is divided by 51442?
7
Calculate the remainder when 269957 is divided by 26992.
37
What is the remainder when 227730909 is divided by 1632?
1629
What is the remainder when 2340032 is divided by 82?
80
Calculate the remainder when 7401356 is divided by 3337.
3227
What is the remainder when 180559916 is divided by 683?
670
Calculate the remainder when 834839 is divided by 49097.
190
What is the remainder when 19436 is divided by 709?
293
What is the remainder when 16160411 is divided by 5386800?
11
What is the remainder when 8384944 is divided by 17?
0
What is the remainder when 272082 is divided by 8775?
57
Calculate the remainder when 774357 is divided by 26698.
115
What is the remainder when 73919569 is divided by 19649?
31
What is the remainder when 235402 is divided by 47067?
67
Calculate the remainder when 306796 is divided by 38340.
76
What is the remainder when 33095 is divided by 850?
795
Calculate the remainder when 5119781 is divided by 511976.
21
What is the remainder when 878746 is divided by 274?
28
Calculate the remainder when 20298 is divided by 884.
850
What is the remainder when 2366382 is divided by 591587?
34
Calculate the remainder when 126489 is divided by 11498.
11
Calculate the remainder when 39125712 is divided by 2889.
2874
Calculate the remainder when 7444670 is divided by 2481478.
236
Calculate the remainder when 2647370 is divided by 29.
18
Calculate the remainder when 529613 is divided by 132295.
433
What is the remainder when 3501774 is divided by 12827?
3
Calculate the remainder when 60330 is divided by 3113.
1183
What is the remainder when 82148654 is divided by 41074325?
4
What is the remainder when 22219 is divided by 3123?
358
Calculate the remainder when 1363774 is divided by 1951.
25
What is the remainder when 9506687 is divided by 4753338?
11
Calculate the remainder when 2812704 is divided by 393.
3
What is the remainder when 147654113 is divided by 24609017?
11
What is the remainder when 121793158 is divided by 35?
18
What is the remainder when 16854524 is divided by 519?
518
What is the remainder when 15768372 is divided by 1391?
1387
Calculate the remainder when 284531 is divided by 610.
271
What is the remainder when 84337 is divided by 1734?
1105
Calculate the remainder when 3671352 is divided by 3671339.
13
Calculate the remainder when 257019 is divided by 5421.
2232
Calculate the remainder when 34220546 is divided by 69.
65
What is the remainder when 43151 is divided by 690?
371
Calculate the remainder when 169273 is divided by 11972.
1665
Calculate the remainder when 15325676 is divided by 197.
61
Calculate the remainder when 6863841 is divided by 2956.
9
What is the remainder when 1322648 is divided by 243?
242
What is the remainder when 6080171 is divided by 891?
878
What is the remainder when 38582169 is divided by 639?
627
Calculate the remainder when 146062007 is divided by 3017.
3003
What is the remainder when 258916 is divided by 13626?
22
Calculate the remainder when 10335069 is divided by 15.
9
What is the remainder when 16555743 is divided by 1205?
248
Calculate the remainder when 15326315 is divided by 43.
40
Calculate the remainder when 21232 is divided by 18230.
3002
What is the remainder when 662642 is divided by 4360?
4282
What is the remainder when 187641 is divided by 46845?
261
Calculate the remainder when 2196072 is divided by 1370.
1332
Calculate the remainder when 1201419 is divided by 21826.
989
Calculate the remainder when 925093 is divided by 308358.
19
Calculate the remainder when 1180958 is divided by 4159.
3961
What is the remainder when 10566 is divided by 379?
333
What is the remainder when 83392088 is divided by 3231?
3209
Calculate the remainder when 183488 is divided by 857.
90
What is the remainder when 6209837 is divided by 3013?
44
Calculate the remainder when 13649844 is divided by 267.
3
Calculate the remainder when 2541488 is divided by 1488.
1472
What is the remainder when 259720 is divided by 10819?
64
What is the remainder when 314241 is divided by 157?
84
Calculate the remainder when 1280992 is divided by 135.
112
What is the remainder when 5584875 is divided by 808?
787
Calculate the remainder when 10865 is divided by 3588.
101
What is the remainder when 29250548 is divided by 987?
803
Calculate the remainder when 14711161 is divided by 2944.
2937
What is the remainder when 834558276 is divided by 190?
186
What is the remainder when 335096 is divided by 939?
812
Calculate the remainder when 473737560 is divided by 81.
69
What is the remainder when 1915392 is divided by 1915382?
10
Calculate the remainder when 5272858 is divided by 4.
2
Calculate the remainder when 291378 is divided by 761.
676
Calculate the remainder when 157157 is divided by 38144.
4581
What is the remainder when 7596288 is divided by 65?
63
Calculate the remainder when 19683964 is divided by 702998.
20
Calculate the remainder when 13755129 is divided by 712.
1
What is the remainder when 222886 is divided by 111325?
236
Calculate the remainder when 20503941 is divided by 66.
51
Calculate the remainder when 17866247 is divided by 625.
622
Calculate the remainder when 237696038 is divided by 2530.
8
Calculate the remainder when 18031713 is divided by 34.
17
What is the remainder when 812814 is divided by 228?
222
What is the remainder when 14063 is divided by 3852?
2507
What is the remainder when 62136966 is divided by 1229?
1184
Calculate the remainder when 31250 is divided by 9820.
1790
What is the remainder when 12846150 is divided by 65?
5
Calculate the remainder when 54017032 is divided by 619.
616
What is the remainder when 4666 is divided by 913?
101
What is the remainder when 16970989 is divided by 325?
139
What is the remainder when 8512466 is divided by 3438?
3416
Calculate the remainder when 117062 is divided by 7802.
32
Calculate the remainder when 514649 is divided by 64328.
25
What is the remainder when 17683968 is divided by 1590?
1578
Calculate the remainder when 665381 is divided by 5281.
5256
What is the remainder when 361813 is divided by 4586?
4105
Calculate the remainder when 13753462 is divided by 128537.
3
What is the remainder when 1265364 is divided by 632645?
74
Calculate the remainder when 4764765 is divided by 28.
5
Calculate the remainder when 118204 is divided by 2464.
2396
Calculate the remainder when 847363 is divided by 845146.
2217
What is the remainder when 10900 is divided by 5391?
118
Calculate the remainder when 565616 is divided by 94082.
1124
What is the remainder when 46398341 is divided by 78?
41
Calculate the remainder when 3069831 is divided by 324.
255
Calculate the remainder when 94074 is divided by 18764.
254
What is the remainder when 209816492 is divided by 218?
212
Calculate the remainder when 7139301 is divided by 738.
627
What is the remainder when 53669290 is divided by 7?
3
Calculate the remainder when 60198 is divided by 1186.
898
Calculate the remainder when 380655 is divided by 75468.
3315
Calculate the remainder when 901184 is divided by 3362.
168
What is the remainder when 65025 is divided by 12995?
50
Calculate the remainder when 5443547 is divided by 12930.
17
What is the remainder when 102736596 is divided by 155426?
10
Calculate the remainder when 54359950 is divided by 45.
40
Calculate the remainder when 264188 is divided by 7383.
5783
Calculate the remainder when 6561652 is divided by 2187190.
82
What is the remainder when 3948362 is divided by 322?
320
Calculate the remainder when 327050 is divided by 46345.
2635
Calculate the remainder when 4350349 is divided by 5984.
5965
What is the remainder when 40755531 is divided by 733?
7